- 2. Calculate t(2).
-48
Let h(i) = -i**2 + 10*i + 103. Give h(16).
7
Let w(v) = 13*v + 457. Determine w(-36).
-11
Let i(r) = -r**3 - 12*r**2 - 38*r - 9. Determine i(-6).
3
Let o(j) = -j**2 - 41*j + 268. Give o(6).
-14
Let i(j) = -j**3 - 11*j**2 - 27*j + 25. Determine i(-6).
7
Let n(r) = -r**3 - 15*r**2 - 13*r - 1. Determine n(-14).
-15
Let z(n) = -n**3 + 13*n**2 + 43*n - 402. Give z(14).
4
Let k(p) = -p + 3. Determine k(-8).
11
Let r(b) = -b**3 - 38*b**2 - 104*b + 21. Calculate r(-35).
-14
Let t(r) = -147*r + 2. Give t(1).
-145
Let i(a) = a**2 + 13*a - 5. Calculate i(-13).
-5
Let v(l) = -3*l**2 - l - 9. What is v(-4)?
-53
Let m(b) = -b**2 + 15*b - 105. Calculate m(14).
-91
Let w(x) = 7*x + 6. Determine w(-9).
-57
Let w(f) = f**3 + 27*f**2 + f + 74. Give w(-27).
47
Let j(y) = y**3 + y**2 - y + 29. Determine j(0).
29
Let f(t) = -56*t + 54. Calculate f(1).
-2
Let z(t) = -t**3 + 9*t**2 - 6*t - 9. What is z(8)?
7
Let p(j) = -11*j + 24. Determine p(3).
-9
Let b(m) = m**2 - 3*m + 1. Calculate b(4).
5
Let q(x) = x**3 + 30*x**2 + 31*x + 2. Calculate q(-29).
-56
Let p(q) = -q**2 + 3*q + 6. Determine p(-3).
-12
Let o(g) = g**3 - 6*g**2 - 3*g - 11. Calculate o(5).
-51
Let r(c) = -c**2 - 15*c + 3. Calculate r(-12).
39
Let g(n) = n**2 - 85*n + 537. Determine g(7).
-9
Let y(j) = j**3 + 6*j**2 - 6*j - 31. Calculate y(-6).
5
Let i(f) = f**2 + 15*f + 26. Give i(-2).
0
Let r(i) = -i**2 - i + 2. Calculate r(-3).
-4
Let i(t) = 9*t**3 + t**2 - 1. Determine i(1).
9
Let u(z) = z**3 + 12*z**2 + 12*z. Determine u(-11).
-11
Let o(j) = 4*j**3 - 4*j**2 + 4*j - 7. Determine o(2).
17
Let j(c) = 2*c - 8. Determine j(5).
2
Let q(n) = n**2 - 6*n - 211. Give q(18).
5
Let u(v) = v. Give u(5).
5
Let t(i) = -6*i + 1. Calculate t(0).
1
Let g(p) = -3*p - 13. Determine g(-3).
-4
Let c(b) = 27*b + 24. What is c(7)?
213
Let d(n) = -7*n - 5. What is d(-3)?
16
Let b(f) = f**3 - 2*f**2 - f - 36. Calculate b(0).
-36
Let c(r) = -2*r**2 + 15*r + 41. Give c(10).
-9
Let u(w) = -w**2 - 4*w - 7. Determine u(-5).
-12
Let s(b) = -b**2 - 4*b + 4. Calculate s(-3).
7
Let x(q) = -2*q**2 + 3*q + 7. Calculate x(5).
-28
Let b(v) = -v**3 + 2*v**2 + 8*v - 10. What is b(3)?
5
Let z(p) = -6*p**2 + 135*p - 58. What is z(22)?
8
Let w(j) = j**3 - 5*j**2 - 4*j + 7. Give w(5).
-13
Let t(n) = 3*n**2 - 33*n - 22. Determine t(12).
14
Let f(z) = -3*z**2 + 4*z - 3. Give f(2).
-7
Let b(c) = 13*c**3 + 2*c - 2. Give b(1).
13
Let i(m) = m**2 - 8*m + 12. Give i(7).
5
Let j(n) = 2*n**2 + 4*n + 3. Give j(-4).
19
Let f(v) = -34*v. What is f(1)?
-34
Let a(z) = -z**2 - 8*z - 42. Determine a(-10).
-62
Let x(l) = l - 1. Give x(6).
5
Let m(w) = w**2 + 7*w - 6. What is m(-8)?
2
Let k(h) = h**3 + 4*h**2 - 12*h + 5. Calculate k(-6).
5
Let x(m) = -m**2 + m + 2. What is x(1)?
2
Let d(n) = -2*n - 18. Determine d(-12).
6
Let k(n) = -8*n + 7. Give k(-8).
71
Let j(q) = q**3 + 6*q**2 - 11*q - 11. Determine j(-7).
17
Let x(o) = 2*o**3 + 2*o**2 - 9*o - 6. Determine x(-3).
-15
Let t(f) = -2*f + 39. Give t(3).
33
Let z(c) = 5*c - 138. Determine z(29).
7
Let x(b) = -b**3 - 5*b**2 - 3*b + 3. What is x(-4)?
-1
Let v(l) = -11*l - 160. Determine v(-17).
27
Let f(u) = -69*u - 269. What is f(-4)?
7
Let b(u) = 3*u**2 + 9*u - 13. Determine b(-3).
-13
Let q(k) = -k**2 + 13*k + 14. Give q(13).
14
Let y(s) = s**3 + 8*s**2 + 4*s - 3. Calculate y(-7).
18
Let g(q) = -3*q + 2. Determine g(16).
-46
Let j(p) = -9*p + 132. Determine j(17).
-21
Let m(g) = g**3 + 7*g**2 + g - 8. What is m(-7)?
-15
Let t(k) = 7*k - 120. Give t(18).
6
Let g(q) = -q**3 + 26*q**2 + q - 28. Determine g(26).
-2
Let i(t) = t**2 + 2*t - 2. Determine i(2).
6
Let h(s) = s + 2. What is h(-10)?
-8
Let u(y) = -527*y - 1586. Give u(-3).
-5
Let j(x) = -x**2 + 22*x - 17. Determine j(20).
23
Let b(y) = -y**2 + 16*y - 28. Calculate b(14).
0
Let q(i) = -6*i**2 + 87*i - 38. What is q(14)?
4
Let z(a) = -14*a - 11. Determine z(7).
-109
Let m(o) = -2*o**3 + 2*o**2 - 4*o + 9. Give m(0).
9
Let i(g) = g**2 + g + 1. Determine i(-3).
7
Let y(w) = -3*w**2 + 4*w + 5. What is y(6)?
-79
Let m(t) = t**3 - t**2 - t. Calculate m(1).
-1
Let l(x) = -x**3 - 20*x**2 - 6. Calculate l(-20).
-6
Let o(b) = b**3 - 11*b**2 - 12*b + 4. Determine o(12).
4
Let s(k) = k**3 - 13*k**2 + 16*k - 17. What is s(12)?
31
Let a(p) = -5*p**3 + 2*p**2 + p. Calculate a(-1).
6
Let n(u) = -u**2 + 2. What is n(-6)?
-34
Let u(p) = -p**3 + 3*p**2 - p + 2. Give u(3).
-1
Let z(o) = 26*o**2 - 4*o + 1. Calculate z(-1).
31
Let r(j) = 5*j - 1. Give r(6).
29
Let t(m) = -11*m + 321. Calculate t(30).
-9
Let n(j) = j - 13. What is n(-14)?
-27
Let a(c) = -2*c**2 + 37*c - 45. Give a(17).
6
Let d(r) = -r**2 + 7*r - 6. Calculate d(7).
-6
Let z(l) = -l**2 - l + 42. Determine z(5).
12
Let o(x) = 3*x + 4. Calculate o(0).
4
Let y(c) = -3*c**3 + 4*c**2 - 6*c + 4. Determine y(2).
-16
Let t(j) = -j**3 - 30*j**2 - 31*j - 61. Calculate t(-29).
-3
Let t(h) = h**2 + 12*h + 13. What is t(-9)?
-14
Let s(b) = 2*b**2 + 7*b - 3. Give s(-6).
27
Let x(a) = -a**3 - 11*a**2 + 13*a + 84. Calculate x(-11).
-59
Let m(f) = -f**3 - 6*f**2 - 47*f - 282. Give m(-6).
0
Let x(l) = -3*l**3 + 18*l**2 + 2*l - 14. Give x(6).
-2
Let u(l) = -l**3 + 15*l**2 - 48*l - 3. Calculate u(5).
7
Let l(k) = -k**3 - 11*k**2 - 14*k - 24. Give l(-10).
16
Let y(h) = 28*h - 4. Give y(3).
80
Let x(w) = -13*w - 1. Calculate x(-2).
25
Let c(q) = -q**3 - 13*q**2 - 22*q - 7. Calculate c(-11).
-7
Let s(b) = b**2 - 5*b - 55. Determine s(9).
-19
Let c(w) = -w**3 - 21*w**2 - 104*w - 2. Give c(-13).
-2
Let r(p) = -p**3 + 10*p**2 - 2*p + 13. Give r(10).
-7
Let d(v) = v**3 + 11*v**2 + 7*v - 35. Determine d(-10).
-5
Let c(m) = -21*m + 9. What is c(7)?
-138
Let a(t) = -t - 15. Give a(-12).
-3
Let p(b) = b**2 - 8*b + 15. Give p(7).
8
Let v(c) = 6*c - 6. Give v(2).
6
Let q(g) = 2*g + 27. Give q(-12).
3
Let s(d) = -5*d + 14. Calculate s(4).
-6
Let w(h) = -25*h + 353. Give w(14).
3
Let q(x) = -9*x - 754. Give q(-84).
2
Let x(a) = -a**3 + 3*a**2 + 6*a - 3. What is x(4)?
5
Let v(q) = q**3 - 8*q**2 + 13*q - 1. Determine v(3).
-7
Let g(s) = 4*s**2 - 3*s - 2. Calculate g(-2).
20
Let g(c) = -26*c**2 - 101*c - 6. What is g(-4)?
-18
Let y(q) = 3*q - 3. Give y(-4).
-15
Let j(q) = 2*q**3 - 17*q**2 - 10*q + 11. Determine j(9).
2
Let o(w) = 3*w - 49. Calculate o(17).
2
Let l(x) = -5*x + 7. Give l(5).
-18
Let l(n) = 3*n + 44. Determine l(-16).
-4
Let a(t) = -t**3 - 2*t**2 + 5*t + 3. Calculate a(-4).
15
Let n(z) = -z**3 + 12*z**2 - 3*z + 1. Calculate n(12).
-35
Let a(z) = -z**2 + 12*z - 3. Give a(11).
8
Let f(x) = -x**2 - x - 3. Calculate f(6).
-45
Let j(h) = -h + 16. Give j(10).
6
Let j(m) = 4*m - 31. What is j(5)?
-11
Let d(p) = -p - 1. What is d(14)?
-15
Let z(o) = -2*o - 7. Give z(-4).
1
Let j(v) = 2*v + 6. Determine j(-2).
2
Let q(c) = c**2 + 12*c + 26. What is q(-4)?
-6
Let m(b) = b**2 + 42*b + 120. What is m(-39)?
3
Let j(u) = u**2 - 56*u + 456. Calculate j(10).
-4
Let v(h) = -4*h + 30. What is v(6)?
6
Let b(i) = -i**3 + 30*i**2 - 62*i + 186. Calculate b(28).
18
Let v(p) = 5*p**2 + 2*p + 1. Calculate v(-1).
4
Let j(s) = s**3 + 22*s**2 - 50*s - 44. Calculate j(-24).
4
Let k(y) = -2*y**3 - 12*y**2 + y + 1. Determine k(-5).
-54
Let c(s) = -61*s**3 + s - 1. What is c(1)?
-61
Let h(o) = -94*o + 471. Calculate h(5).
1
Let a(c) = -c**3 + 5*c**2 + 6. Give a(5).
6
Let b(l) = 5*l**2 + 4*l + 2. Determine b(-2).
14
Let o(n) = -2*n**3 - 121*n**2 + 185*n - 58. Determine o(-62).
4
Let q(k) = -2*k + 8. Calculate q(-6).
20
Let c(a) = 2*a**3 - a**2 + 3*a + 3. Calculate c(-2).
-23
Let g(a) = 2*a**2 - 13*a + 1. What is g(9)?
46
Let h(d) = -d**2 + 43*d + 6. Determine h(0).
6
Let h(n) = -n**2 + 19*n - 23. Give h(16).
25
Let l(t) = 16*t + 5. Calculate l(-2).
-27
Let n(g) = 9*g + 10. Give n(-5).
-35
Let s(d) = d**3 - 14*d**2 + 8*d - 22. What is s(14)?
90
Let f(a) = 21*a - 1. What is f(-1)?
-22
Let j(k) = -69*k**3 + 1. What is j(-1)?
70
Let v(m) = -m**2 - 2*m - 2. Determine v(-6).
-26
Let y(z) = z**3 - 15*z**2 + 13*z - 2. Calculate y(14).
-16
Let p(m) = -m**2 + 9*m - 18. Give p(5).
2
Let j(z) = z**2 - 7*z - 4. What is j(9)?
14
Let y(d) = -13*d - 26. Calculate y(-6).
52
Let u(o) = o**3 + 8*o**2 + 6*o + 3. Give u(-7).
10
Let i(j) = 2*j**3 + 11*j**2 - 8*j - 9. Calculate i(-6).
3
Let d(b) = 55*b - 232. Give d(4).
-12
Let t(n) = -n**2 - 5*n + 16. Calculate t